 the prime factors of 288392.
2, 13, 47, 59
What are the prime factors of 11083496?
2, 1385437
List the prime factors of 3857835.
3, 5, 257189
List the prime factors of 89705.
5, 7, 11, 233
List the prime factors of 245067.
3, 81689
What are the prime factors of 19449?
3, 2161
List the prime factors of 27429.
3, 41, 223
List the prime factors of 2713162.
2, 19, 71399
List the prime factors of 34351.
34351
What are the prime factors of 4431976?
2, 73, 7589
List the prime factors of 4885089.
3, 11, 179, 827
What are the prime factors of 7425948?
2, 3, 137, 4517
What are the prime factors of 238700?
2, 5, 7, 11, 31
List the prime factors of 4463529.
3, 7, 43, 4943
What are the prime factors of 133930?
2, 5, 59, 227
List the prime factors of 6404409.
3, 11, 5881
List the prime factors of 1546705.
5, 83, 3727
What are the prime factors of 1348?
2, 337
List the prime factors of 94112.
2, 17, 173
What are the prime factors of 1986747?
3, 7, 89, 1063
What are the prime factors of 6288123?
3, 751, 2791
What are the prime factors of 288431?
11, 13, 2017
List the prime factors of 4462590.
2, 3, 5, 11, 13523
List the prime factors of 431535.
3, 5, 13, 2213
What are the prime factors of 2257042?
2, 1128521
What are the prime factors of 160713?
3, 7, 2551
What are the prime factors of 21816983?
439, 49697
What are the prime factors of 793016?
2, 7, 17
What are the prime factors of 469149?
3, 17, 9199
List the prime factors of 638079.
3, 13, 16361
What are the prime factors of 28064790?
2, 3, 5, 13, 17, 83
What are the prime factors of 570993?
3, 190331
List the prime factors of 307242.
2, 3, 13, 101
List the prime factors of 2331628.
2, 13, 44839
What are the prime factors of 364231?
7, 61, 853
List the prime factors of 4368774.
2, 3, 728129
List the prime factors of 2942849.
7, 13, 73, 443
What are the prime factors of 5320222?
2, 23, 115657
List the prime factors of 23089841.
229, 100829
List the prime factors of 3948675.
3, 5, 17, 19, 163
List the prime factors of 1277349.
3, 425783
List the prime factors of 130586.
2, 65293
List the prime factors of 9904547.
9904547
What are the prime factors of 1236508?
2, 7, 13, 43, 79
What are the prime factors of 967911?
3, 7, 46091
List the prime factors of 2361914.
2, 1180957
List the prime factors of 1173628.
2, 59, 4973
List the prime factors of 136392.
2, 3, 5683
List the prime factors of 652665.
3, 5, 13, 3347
List the prime factors of 21582718.
2, 10791359
List the prime factors of 17424014.
2, 17, 643, 797
What are the prime factors of 178980?
2, 3, 5, 19, 157
What are the prime factors of 345178?
2, 172589
What are the prime factors of 1023639?
3, 83, 4111
What are the prime factors of 180918?
2, 3, 19, 23
List the prime factors of 154319.
11, 14029
What are the prime factors of 531698?
2, 83, 3203
What are the prime factors of 3265930?
2, 5, 326593
List the prime factors of 7963922.
2, 17, 29, 41, 197
List the prime factors of 13030687.
17, 766511
What are the prime factors of 2293708?
2, 17, 89, 379
List the prime factors of 2771811.
3, 7, 43997
What are the prime factors of 150647?
7, 21521
List the prime factors of 198783.
3, 13, 1699
What are the prime factors of 86475?
3, 5, 1153
List the prime factors of 513581.
509, 1009
List the prime factors of 4330263.
3, 7, 206203
What are the prime factors of 1003106?
2, 13, 41, 941
List the prime factors of 5422693.
727, 7459
List the prime factors of 20020843.
43, 563, 827
List the prime factors of 2058095.
5, 13, 31663
List the prime factors of 1641507.
3, 7, 78167
List the prime factors of 27897.
3, 17, 547
What are the prime factors of 73768?
2, 9221
What are the prime factors of 20715?
3, 5, 1381
What are the prime factors of 68577?
3, 22859
List the prime factors of 1030010.
2, 5, 103001
List the prime factors of 2954733.
3, 984911
What are the prime factors of 27156280?
2, 5, 678907
What are the prime factors of 286736?
2, 17921
List the prime factors of 1866609.
3, 207401
What are the prime factors of 2403391?
53, 137, 331
What are the prime factors of 17509906?
2, 19, 460787
List the prime factors of 1006958.
2, 409, 1231
What are the prime factors of 562874?
2, 13, 21649
List the prime factors of 6661543.
7, 951649
What are the prime factors of 8877798?
2, 3, 493211
List the prime factors of 3432.
2, 3, 11, 13
List the prime factors of 68572.
2, 7, 31, 79
What are the prime factors of 1081275?
3, 5, 13, 1109
List the prime factors of 59159.
59159
List the prime factors of 910203.
3, 7, 89, 487
What are the prime factors of 156741?
3, 13, 4019
What are the prime factors of 757290?
2, 3, 5, 25243
List the prime factors of 382031.
13, 29387
What are the prime factors of 12451442?
2, 61, 102061
What are the prime factors of 248826?
2, 3, 113, 367
List the prime factors of 7143.
3, 2381
List the prime factors of 3498547.
13, 191, 1409
List the prime factors of 287852.
2, 71963
List the prime factors of 19435727.
19, 1022933
List the prime factors of 3920341.
829, 4729
List the prime factors of 652073.
23, 28351
List the prime factors of 207682.
2, 103841
List the prime factors of 1668689.
11, 29, 5231
What are the prime factors of 17455112?
2, 2181889
What are the prime factors of 238120?
2, 5, 5953
List the prime factors of 459712.
2, 11, 653
What are the prime factors of 331677?
3, 137, 269
What are the prime factors of 230847?
3, 76949
List the prime factors of 1767750.
2, 3, 5, 2357
List the prime factors of 450744.
2, 3, 7, 2683
What are the prime factors of 33275614?
2, 223, 74609
What are the prime factors of 14096501?
107, 131743
List the prime factors of 3198157.
79, 40483
What are the prime factors of 30925?
5, 1237
List the prime factors of 5432982.
2, 3, 905497
List the prime factors of 4023442.
2, 53, 37957
List the prime factors of 8939389.
2003, 4463
List the prime factors of 698337.
3, 31, 2503
List the prime factors of 142004.
2, 131, 271
What are the prime factors of 6394038?
2, 3, 7, 152239
List the prime factors of 2883528.
2, 3, 29, 1381
What are the prime factors of 17171488?
2, 536609
List the prime factors of 172632.
2, 3, 7193
List the prime factors of 6523662.
2, 3, 79, 13763
List the prime factors of 526343.
53, 9931
What are the prime factors of 225021?
3, 107, 701
What are the prime factors of 785319?
3, 261773
List the prime factors of 1524483.
3, 113, 1499
List the prime factors of 325943.
325943
List the prime factors of 1110159.
3, 41117
List the prime factors of 132290.
2, 5, 13229
List the prime factors of 5575242.
2, 3, 929207
What are the prime factors of 250311?
3, 83437
What are the prime factors of 329362?
2, 11, 1361
What are the prime factors of 4023663?
3, 7, 29, 6607
What are the prime factors of 1610062?
2, 805031
What are the prime factors of 141640?
2, 5, 3541
What are the prime factors of 665098?
2, 7, 47507
What are the prime factors of 767292?
2, 3, 43, 1487
What are the prime factors of 2815784?
2, 29, 53, 229
What are the prime factors of 47876?
2, 11969
List the prime factors of 38084.
2, 9521
What are the prime factors of 13252320?
2, 3, 5, 9203
List the prime factors of 4994167.
1231, 4057
List the prime factors of 25943181.
3, 11, 229, 3433
What are the prime factors of 7056945?
3, 5, 7, 43, 521
List the prime factors of 565702.
2, 282851
What are the prime factors of 92652?
2, 3, 7, 1103
What are the prime factors of 4385695?
5, 317, 2767
What are the prime factors of 11973191?
11973191
List the prime factors of 295878.
2, 3, 11, 4483
What are the prime factors of 9082224?
2, 3, 59, 1069
What are the prime factors of 289906?
2, 43, 3371
What are the prime factors of 3184008?
2, 3, 132667
What are the prime factors of 3441?
3, 31, 37
List the prime factors of 3286561.
3286561
What are the prime factors of 1380055?
5, 276011
List the prime factors of 32091106.
2, 16045553
What are the prime factors of 883951?
43, 61, 337
What are the prime factors of 237955?
5, 47591
What are the prime factors of 222356?
2, 55589
List the prime factors of 67477.
67477
What are the prime factors of 1693182?
2, 3, 59, 4783
List the prime factors of 722264.
2, 137, 659
List the prime factors of 4251728.
2, 13, 20441
List the prime factors of 514556.
2, 7, 17, 23, 47
List the prime factors of 176261.
176261
List the 